{"id":2071,"date":"2025-09-25T20:27:37","date_gmt":"2025-09-25T18:27:37","guid":{"rendered":"https:\/\/ravensmoon.fr\/?post_type=product&#038;p=2071"},"modified":"2026-03-22T07:20:13","modified_gmt":"2026-03-22T06:20:13","slug":"fleur-de-noel","status":"publish","type":"product","link":"https:\/\/ravensmoon.fr\/index.php\/produit\/fleur-de-noel\/","title":{"rendered":"Fleur de No\u00ebl"},"content":{"rendered":"<h3 data-start=\"87\" data-end=\"133\">\ud83c\udf3a <strong data-start=\"94\" data-end=\"129\">Bougie Parfum\u00e9e \u2013 Fleur de No\u00ebl<\/strong> \u2728<\/h3>\n<p data-start=\"134\" data-end=\"425\">Apportez une touche d\u2019\u00e9l\u00e9gance florale et festive \u00e0 votre int\u00e9rieur avec notre bougie <strong data-start=\"220\" data-end=\"237\">Fleur de No\u00ebl<\/strong>, inspir\u00e9e du <strong data-start=\"251\" data-end=\"265\">poinsettia<\/strong>, embl\u00e8me des f\u00eates de fin d\u2019ann\u00e9e. Son parfum d\u00e9licat m\u00eale des notes florales, poudr\u00e9es et l\u00e9g\u00e8rement bois\u00e9es pour une ambiance douce, raffin\u00e9e et chaleureuse.<\/p>\n<p data-start=\"427\" data-end=\"581\">Id\u00e9ale pour cr\u00e9er un cocon apaisant durant l\u2019hiver, cette bougie \u00e9voque la magie de No\u00ebl, entre bouquets d\u2019hiver et instants pr\u00e9cieux partag\u00e9s en famille.<\/p>\n<p data-start=\"583\" data-end=\"611\">\ud83d\udd6f\ufe0f <strong data-start=\"587\" data-end=\"607\">Notes olfactives<\/strong> :<\/p>\n<ul data-start=\"612\" data-end=\"746\">\n<li>Orang\u00e9e \/ Musqu\u00e9e \/ Florale \/ Ambr\u00e9e<\/li>\n<li>T\u00eate : feuille d&#8217;estragon \/ aub\u00e9pine \/ palmarosa<\/li>\n<li>Coeur : accord ozonique \/ fleur d&#8217;oranger \/ vanille<\/li>\n<li>Fond : ambre gris \/ musc tendre \/ v\u00e9tiver<\/li>\n<\/ul>\n<p data-start=\"748\" data-end=\"954\">\u2728 <strong data-start=\"750\" data-end=\"777\">Cire v\u00e9g\u00e9tale naturelle<\/strong> \u2013 M\u00e8che en coton \u2013 Parfum sans phtalates<br data-start=\"818\" data-end=\"821\" \/><br data-start=\"861\" data-end=\"864\" \/>Pr\u00e9sent\u00e9e dans un pot raffin\u00e9, parfaite pour un cadeau ou une d\u00e9coration de table de f\u00eate.<\/p>\n","protected":false},"excerpt":{"rendered":"<ul data-start=\"612\" data-end=\"746\">\n<li>Orang\u00e9e \/ Musqu\u00e9e \/ Florale \/ Ambr\u00e9e<\/li>\n<li>T\u00eate : feuille d&#8217;estragon \/ aub\u00e9pine \/ palmarosa<\/li>\n<li>Coeur : accord ozonique \/ fleur d&#8217;oranger \/ vanille<\/li>\n<li>Fond : ambre gris \/ musc tendre \/ v\u00e9tiver<\/li>\n<\/ul>\n","protected":false},"featured_media":2549,"comment_status":"open","ping_status":"closed","template":"","meta":[],"product_brand":[],"product_cat":[16],"product_tag":[],"class_list":{"0":"post-2071","1":"product","2":"type-product","3":"status-publish","4":"has-post-thumbnail","6":"product_cat-non-classe","8":"first","9":"instock","10":"sale","11":"shipping-taxable","12":"purchasable","13":"product-type-simple"},"yoast_head":"<!-- This site is optimized with the Yoast SEO plugin v26.8 - https:\/\/yoast.com\/product\/yoast-seo-wordpress\/ -->\n<title>Fleur de No\u00ebl - Raven&#039;s Moon<\/title>\n<meta name=\"robots\" content=\"index, follow, max-snippet:-1, max-image-preview:large, max-video-preview:-1\" \/>\n<link rel=\"canonical\" href=\"https:\/\/ravensmoon.fr\/index.php\/produit\/fleur-de-noel\/\" \/>\n<meta property=\"og:locale\" content=\"fr_FR\" \/>\n<meta property=\"og:type\" content=\"article\" \/>\n<meta property=\"og:title\" content=\"Fleur de No\u00ebl - Raven&#039;s Moon\" \/>\n<meta property=\"og:description\" content=\"Orang\u00e9e \/ Musqu\u00e9e \/ Florale \/ Ambr\u00e9e  T\u00eate : feuille d&#039;estragon \/ aub\u00e9pine \/ palmarosa  Coeur : accord ozonique \/ fleur d&#039;oranger \/ vanille  Fond : ambre gris \/ musc tendre \/ v\u00e9tiver\" \/>\n<meta property=\"og:url\" content=\"https:\/\/ravensmoon.fr\/index.php\/produit\/fleur-de-noel\/\" \/>\n<meta property=\"og:site_name\" content=\"Raven&#039;s Moon\" \/>\n<meta property=\"article:publisher\" content=\"https:\/\/www.facebook.com\/profile.php?id=61565761895747&amp;locale=fr_FR\" \/>\n<meta property=\"article:modified_time\" content=\"2026-03-22T06:20:13+00:00\" \/>\n<meta property=\"og:image\" content=\"https:\/\/ravensmoon.fr\/wp-content\/uploads\/2025\/09\/16852.png\" \/>\n\t<meta property=\"og:image:width\" content=\"962\" \/>\n\t<meta property=\"og:image:height\" content=\"961\" \/>\n\t<meta property=\"og:image:type\" content=\"image\/png\" \/>\n<meta name=\"twitter:card\" content=\"summary_large_image\" \/>\n<meta name=\"twitter:label1\" content=\"Dur\u00e9e de lecture estim\u00e9e\" \/>\n\t<meta name=\"twitter:data1\" content=\"1 minute\" \/>\n<script type=\"application\/ld+json\" class=\"yoast-schema-graph\">{\"@context\":\"https:\/\/schema.org\",\"@graph\":[{\"@type\":\"WebPage\",\"@id\":\"https:\/\/ravensmoon.fr\/index.php\/produit\/fleur-de-noel\/\",\"url\":\"https:\/\/ravensmoon.fr\/index.php\/produit\/fleur-de-noel\/\",\"name\":\"Fleur de No\u00ebl - Raven&#039;s Moon\",\"isPartOf\":{\"@id\":\"https:\/\/ravensmoon.fr\/#website\"},\"primaryImageOfPage\":{\"@id\":\"https:\/\/ravensmoon.fr\/index.php\/produit\/fleur-de-noel\/#primaryimage\"},\"image\":{\"@id\":\"https:\/\/ravensmoon.fr\/index.php\/produit\/fleur-de-noel\/#primaryimage\"},\"thumbnailUrl\":\"https:\/\/ravensmoon.fr\/wp-content\/uploads\/2025\/09\/16852.png\",\"datePublished\":\"2025-09-25T18:27:37+00:00\",\"dateModified\":\"2026-03-22T06:20:13+00:00\",\"breadcrumb\":{\"@id\":\"https:\/\/ravensmoon.fr\/index.php\/produit\/fleur-de-noel\/#breadcrumb\"},\"inLanguage\":\"fr-FR\",\"potentialAction\":[{\"@type\":\"ReadAction\",\"target\":[\"https:\/\/ravensmoon.fr\/index.php\/produit\/fleur-de-noel\/\"]}]},{\"@type\":\"ImageObject\",\"inLanguage\":\"fr-FR\",\"@id\":\"https:\/\/ravensmoon.fr\/index.php\/produit\/fleur-de-noel\/#primaryimage\",\"url\":\"https:\/\/ravensmoon.fr\/wp-content\/uploads\/2025\/09\/16852.png\",\"contentUrl\":\"https:\/\/ravensmoon.fr\/wp-content\/uploads\/2025\/09\/16852.png\",\"width\":962,\"height\":961},{\"@type\":\"BreadcrumbList\",\"@id\":\"https:\/\/ravensmoon.fr\/index.php\/produit\/fleur-de-noel\/#breadcrumb\",\"itemListElement\":[{\"@type\":\"ListItem\",\"position\":1,\"name\":\"Accueil\",\"item\":\"https:\/\/ravensmoon.fr\/\"},{\"@type\":\"ListItem\",\"position\":2,\"name\":\"Bougies\",\"item\":\"https:\/\/ravensmoon.fr\/index.php\/bougies\/\"},{\"@type\":\"ListItem\",\"position\":3,\"name\":\"Fleur de No\u00ebl\"}]},{\"@type\":\"WebSite\",\"@id\":\"https:\/\/ravensmoon.fr\/#website\",\"url\":\"https:\/\/ravensmoon.fr\/\",\"name\":\"Raven's Moon\",\"description\":\"\",\"publisher\":{\"@id\":\"https:\/\/ravensmoon.fr\/#organization\"},\"potentialAction\":[{\"@type\":\"SearchAction\",\"target\":{\"@type\":\"EntryPoint\",\"urlTemplate\":\"https:\/\/ravensmoon.fr\/?s={search_term_string}\"},\"query-input\":{\"@type\":\"PropertyValueSpecification\",\"valueRequired\":true,\"valueName\":\"search_term_string\"}}],\"inLanguage\":\"fr-FR\"},{\"@type\":\"Organization\",\"@id\":\"https:\/\/ravensmoon.fr\/#organization\",\"name\":\"Raven's Moon\",\"url\":\"https:\/\/ravensmoon.fr\/\",\"logo\":{\"@type\":\"ImageObject\",\"inLanguage\":\"fr-FR\",\"@id\":\"https:\/\/ravensmoon.fr\/#\/schema\/logo\/image\/\",\"url\":\"https:\/\/ravensmoon.fr\/wp-content\/uploads\/2024\/05\/cropped-cropped-cropped-Logossf-2.png\",\"contentUrl\":\"https:\/\/ravensmoon.fr\/wp-content\/uploads\/2024\/05\/cropped-cropped-cropped-Logossf-2.png\",\"width\":417,\"height\":337,\"caption\":\"Raven's Moon\"},\"image\":{\"@id\":\"https:\/\/ravensmoon.fr\/#\/schema\/logo\/image\/\"},\"sameAs\":[\"https:\/\/www.facebook.com\/profile.php?id=61565761895747&locale=fr_FR\",\"https:\/\/www.instagram.com\/raven_s_moon\"]}]}<\/script>\n<!-- \/ Yoast SEO plugin. -->","yoast_head_json":{"title":"Fleur de No\u00ebl - Raven&#039;s Moon","robots":{"index":"index","follow":"follow","max-snippet":"max-snippet:-1","max-image-preview":"max-image-preview:large","max-video-preview":"max-video-preview:-1"},"canonical":"https:\/\/ravensmoon.fr\/index.php\/produit\/fleur-de-noel\/","og_locale":"fr_FR","og_type":"article","og_title":"Fleur de No\u00ebl - Raven&#039;s Moon","og_description":"Orang\u00e9e \/ Musqu\u00e9e \/ Florale \/ Ambr\u00e9e  T\u00eate : feuille d'estragon \/ aub\u00e9pine \/ palmarosa  Coeur : accord ozonique \/ fleur d'oranger \/ vanille  Fond : ambre gris \/ musc tendre \/ v\u00e9tiver","og_url":"https:\/\/ravensmoon.fr\/index.php\/produit\/fleur-de-noel\/","og_site_name":"Raven&#039;s Moon","article_publisher":"https:\/\/www.facebook.com\/profile.php?id=61565761895747&locale=fr_FR","article_modified_time":"2026-03-22T06:20:13+00:00","og_image":[{"width":962,"height":961,"url":"https:\/\/ravensmoon.fr\/wp-content\/uploads\/2025\/09\/16852.png","type":"image\/png"}],"twitter_card":"summary_large_image","twitter_misc":{"Dur\u00e9e de lecture estim\u00e9e":"1 minute"},"schema":{"@context":"https:\/\/schema.org","@graph":[{"@type":"WebPage","@id":"https:\/\/ravensmoon.fr\/index.php\/produit\/fleur-de-noel\/","url":"https:\/\/ravensmoon.fr\/index.php\/produit\/fleur-de-noel\/","name":"Fleur de No\u00ebl - Raven&#039;s Moon","isPartOf":{"@id":"https:\/\/ravensmoon.fr\/#website"},"primaryImageOfPage":{"@id":"https:\/\/ravensmoon.fr\/index.php\/produit\/fleur-de-noel\/#primaryimage"},"image":{"@id":"https:\/\/ravensmoon.fr\/index.php\/produit\/fleur-de-noel\/#primaryimage"},"thumbnailUrl":"https:\/\/ravensmoon.fr\/wp-content\/uploads\/2025\/09\/16852.png","datePublished":"2025-09-25T18:27:37+00:00","dateModified":"2026-03-22T06:20:13+00:00","breadcrumb":{"@id":"https:\/\/ravensmoon.fr\/index.php\/produit\/fleur-de-noel\/#breadcrumb"},"inLanguage":"fr-FR","potentialAction":[{"@type":"ReadAction","target":["https:\/\/ravensmoon.fr\/index.php\/produit\/fleur-de-noel\/"]}]},{"@type":"ImageObject","inLanguage":"fr-FR","@id":"https:\/\/ravensmoon.fr\/index.php\/produit\/fleur-de-noel\/#primaryimage","url":"https:\/\/ravensmoon.fr\/wp-content\/uploads\/2025\/09\/16852.png","contentUrl":"https:\/\/ravensmoon.fr\/wp-content\/uploads\/2025\/09\/16852.png","width":962,"height":961},{"@type":"BreadcrumbList","@id":"https:\/\/ravensmoon.fr\/index.php\/produit\/fleur-de-noel\/#breadcrumb","itemListElement":[{"@type":"ListItem","position":1,"name":"Accueil","item":"https:\/\/ravensmoon.fr\/"},{"@type":"ListItem","position":2,"name":"Bougies","item":"https:\/\/ravensmoon.fr\/index.php\/bougies\/"},{"@type":"ListItem","position":3,"name":"Fleur de No\u00ebl"}]},{"@type":"WebSite","@id":"https:\/\/ravensmoon.fr\/#website","url":"https:\/\/ravensmoon.fr\/","name":"Raven's Moon","description":"","publisher":{"@id":"https:\/\/ravensmoon.fr\/#organization"},"potentialAction":[{"@type":"SearchAction","target":{"@type":"EntryPoint","urlTemplate":"https:\/\/ravensmoon.fr\/?s={search_term_string}"},"query-input":{"@type":"PropertyValueSpecification","valueRequired":true,"valueName":"search_term_string"}}],"inLanguage":"fr-FR"},{"@type":"Organization","@id":"https:\/\/ravensmoon.fr\/#organization","name":"Raven's Moon","url":"https:\/\/ravensmoon.fr\/","logo":{"@type":"ImageObject","inLanguage":"fr-FR","@id":"https:\/\/ravensmoon.fr\/#\/schema\/logo\/image\/","url":"https:\/\/ravensmoon.fr\/wp-content\/uploads\/2024\/05\/cropped-cropped-cropped-Logossf-2.png","contentUrl":"https:\/\/ravensmoon.fr\/wp-content\/uploads\/2024\/05\/cropped-cropped-cropped-Logossf-2.png","width":417,"height":337,"caption":"Raven's Moon"},"image":{"@id":"https:\/\/ravensmoon.fr\/#\/schema\/logo\/image\/"},"sameAs":["https:\/\/www.facebook.com\/profile.php?id=61565761895747&locale=fr_FR","https:\/\/www.instagram.com\/raven_s_moon"]}]}},"jetpack_sharing_enabled":true,"_links":{"self":[{"href":"https:\/\/ravensmoon.fr\/index.php\/wp-json\/wp\/v2\/product\/2071","targetHints":{"allow":["GET"]}}],"collection":[{"href":"https:\/\/ravensmoon.fr\/index.php\/wp-json\/wp\/v2\/product"}],"about":[{"href":"https:\/\/ravensmoon.fr\/index.php\/wp-json\/wp\/v2\/types\/product"}],"replies":[{"embeddable":true,"href":"https:\/\/ravensmoon.fr\/index.php\/wp-json\/wp\/v2\/comments?post=2071"}],"wp:featuredmedia":[{"embeddable":true,"href":"https:\/\/ravensmoon.fr\/index.php\/wp-json\/wp\/v2\/media\/2549"}],"wp:attachment":[{"href":"https:\/\/ravensmoon.fr\/index.php\/wp-json\/wp\/v2\/media?parent=2071"}],"wp:term":[{"taxonomy":"product_brand","embeddable":true,"href":"https:\/\/ravensmoon.fr\/index.php\/wp-json\/wp\/v2\/product_brand?post=2071"},{"taxonomy":"product_cat","embeddable":true,"href":"https:\/\/ravensmoon.fr\/index.php\/wp-json\/wp\/v2\/product_cat?post=2071"},{"taxonomy":"product_tag","embeddable":true,"href":"https:\/\/ravensmoon.fr\/index.php\/wp-json\/wp\/v2\/product_tag?post=2071"}],"curies":[{"name":"wp","href":"https:\/\/api.w.org\/{rel}","templated":true}]}}