{"id":2606,"date":"2026-02-27T14:05:34","date_gmt":"2026-02-27T13:05:34","guid":{"rendered":"https:\/\/ravensmoon.fr\/index.php\/produit\/fondant-fleur-doranger-fondation-alzheimer\/"},"modified":"2026-04-01T12:18:15","modified_gmt":"2026-04-01T10:18:15","slug":"fondant-fleur-doranger-fondation-alzheimer","status":"publish","type":"product","link":"https:\/\/ravensmoon.fr\/index.php\/produit\/fondant-fleur-doranger-fondation-alzheimer\/","title":{"rendered":"Fondant Fleur d&#8217;oranger &#8211; Fondation Alzheimer"},"content":{"rendered":"<p>Fondants Caritatifs \u2013 Fleur d\u2019Oranger<br \/>\nOffrez-vous un instant de douceur avec ces fondants parfum\u00e9s en forme de fleurs d\u00e9licates, aux teintes harmonieuses de rose, violet et jaune orang\u00e9. Leur parfum de fleur d\u2019oranger diffuse une atmosph\u00e8re apaisante et lumineuse dans votre int\u00e9rieur.<br \/>\nAu-del\u00e0 de leur \u00e9l\u00e9gance, ces fondants portent une v\u00e9ritable intention solidaire : 2.50\u20ac sont revers\u00e9s \u00e0 la Fondation Alzheimer, afin de soutenir la recherche et les personnes touch\u00e9es par la maladie.<br \/>\n\u2728 Parfum : Fleur d\u2019oranger<br \/>\n\ud83c\udf38 Lot : 3 fondants en forme de fleurs<br \/>\n\u2696\ufe0f Poids total : 30 g<br \/>\n\ud83c\udfa8 Couleurs : Rose, violet, jaune orang\u00e9<br \/>\n\ud83d\udc9c D\u00e9marche : Engagement caritatif<br \/>\nUn parfum d\u00e9licat pour votre int\u00e9rieur, un geste fort pour une belle cause.<\/p>\n","protected":false},"excerpt":{"rendered":"<p>\u2728 Parfum : Fleur d\u2019oranger<br \/>\n\ud83c\udf38 Lot : 3 fondants en forme de fleurs<br \/>\n\u2696\ufe0f Poids total : 30 g<br \/>\n\ud83c\udfa8 Couleurs : Rose, violet, jaune orang\u00e9<br \/>\n\ud83d\udc9c D\u00e9marche : Engagement caritatif<br \/>\nUn parfum d\u00e9licat pour votre int\u00e9rieur, un geste fort pour une belle cause.<\/p>\n","protected":false},"featured_media":2605,"comment_status":"open","ping_status":"closed","template":"","meta":[],"product_brand":[],"product_cat":[29,39],"product_tag":[],"class_list":{"0":"post-2606","1":"product","2":"type-product","3":"status-publish","4":"has-post-thumbnail","6":"product_cat-bougies-caritative","7":"product_cat-fondants","9":"first","10":"instock","11":"shipping-taxable","12":"purchasable","13":"product-type-simple"},"yoast_head":"<!-- This site is optimized with the Yoast SEO plugin v26.8 - https:\/\/yoast.com\/product\/yoast-seo-wordpress\/ -->\n<title>Fondant Fleur d&#039;oranger - Fondation Alzheimer - Raven&#039;s Moon<\/title>\n<meta name=\"robots\" content=\"index, follow, max-snippet:-1, max-image-preview:large, max-video-preview:-1\" \/>\n<link rel=\"canonical\" href=\"https:\/\/ravensmoon.fr\/index.php\/produit\/fondant-fleur-doranger-fondation-alzheimer\/\" \/>\n<meta property=\"og:locale\" content=\"fr_FR\" \/>\n<meta property=\"og:type\" content=\"article\" \/>\n<meta property=\"og:title\" content=\"Fondant Fleur d&#039;oranger - Fondation Alzheimer - Raven&#039;s Moon\" \/>\n<meta property=\"og:description\" content=\"\u2728 Parfum : Fleur d\u2019oranger \ud83c\udf38 Lot : 3 fondants en forme de fleurs \u2696\ufe0f Poids total : 30 g \ud83c\udfa8 Couleurs : Rose, violet, jaune orang\u00e9 \ud83d\udc9c D\u00e9marche : Engagement caritatif Un parfum d\u00e9licat pour votre int\u00e9rieur, un geste fort pour une belle cause.\" \/>\n<meta property=\"og:url\" content=\"https:\/\/ravensmoon.fr\/index.php\/produit\/fondant-fleur-doranger-fondation-alzheimer\/\" \/>\n<meta property=\"og:site_name\" content=\"Raven&#039;s Moon\" \/>\n<meta property=\"article:publisher\" content=\"https:\/\/www.facebook.com\/profile.php?id=61565761895747&amp;locale=fr_FR\" \/>\n<meta property=\"article:modified_time\" content=\"2026-04-01T10:18:15+00:00\" \/>\n<meta property=\"og:image\" content=\"https:\/\/ravensmoon.fr\/wp-content\/uploads\/2026\/02\/16972.png\" \/>\n\t<meta property=\"og:image:width\" content=\"1625\" \/>\n\t<meta property=\"og:image:height\" content=\"1626\" \/>\n\t<meta property=\"og:image:type\" content=\"image\/png\" \/>\n<meta name=\"twitter:card\" content=\"summary_large_image\" \/>\n<meta name=\"twitter:label1\" content=\"Dur\u00e9e de lecture estim\u00e9e\" \/>\n\t<meta name=\"twitter:data1\" content=\"1 minute\" \/>\n<script type=\"application\/ld+json\" class=\"yoast-schema-graph\">{\"@context\":\"https:\/\/schema.org\",\"@graph\":[{\"@type\":\"WebPage\",\"@id\":\"https:\/\/ravensmoon.fr\/index.php\/produit\/fondant-fleur-doranger-fondation-alzheimer\/\",\"url\":\"https:\/\/ravensmoon.fr\/index.php\/produit\/fondant-fleur-doranger-fondation-alzheimer\/\",\"name\":\"Fondant Fleur d'oranger - Fondation Alzheimer - Raven&#039;s Moon\",\"isPartOf\":{\"@id\":\"https:\/\/ravensmoon.fr\/#website\"},\"primaryImageOfPage\":{\"@id\":\"https:\/\/ravensmoon.fr\/index.php\/produit\/fondant-fleur-doranger-fondation-alzheimer\/#primaryimage\"},\"image\":{\"@id\":\"https:\/\/ravensmoon.fr\/index.php\/produit\/fondant-fleur-doranger-fondation-alzheimer\/#primaryimage\"},\"thumbnailUrl\":\"https:\/\/ravensmoon.fr\/wp-content\/uploads\/2026\/02\/16972.png\",\"datePublished\":\"2026-02-27T13:05:34+00:00\",\"dateModified\":\"2026-04-01T10:18:15+00:00\",\"breadcrumb\":{\"@id\":\"https:\/\/ravensmoon.fr\/index.php\/produit\/fondant-fleur-doranger-fondation-alzheimer\/#breadcrumb\"},\"inLanguage\":\"fr-FR\",\"potentialAction\":[{\"@type\":\"ReadAction\",\"target\":[\"https:\/\/ravensmoon.fr\/index.php\/produit\/fondant-fleur-doranger-fondation-alzheimer\/\"]}]},{\"@type\":\"ImageObject\",\"inLanguage\":\"fr-FR\",\"@id\":\"https:\/\/ravensmoon.fr\/index.php\/produit\/fondant-fleur-doranger-fondation-alzheimer\/#primaryimage\",\"url\":\"https:\/\/ravensmoon.fr\/wp-content\/uploads\/2026\/02\/16972.png\",\"contentUrl\":\"https:\/\/ravensmoon.fr\/wp-content\/uploads\/2026\/02\/16972.png\",\"width\":1625,\"height\":1626},{\"@type\":\"BreadcrumbList\",\"@id\":\"https:\/\/ravensmoon.fr\/index.php\/produit\/fondant-fleur-doranger-fondation-alzheimer\/#breadcrumb\",\"itemListElement\":[{\"@type\":\"ListItem\",\"position\":1,\"name\":\"Accueil\",\"item\":\"https:\/\/ravensmoon.fr\/\"},{\"@type\":\"ListItem\",\"position\":2,\"name\":\"Bougies\",\"item\":\"https:\/\/ravensmoon.fr\/index.php\/bougies\/\"},{\"@type\":\"ListItem\",\"position\":3,\"name\":\"Fondant Fleur d&#8217;oranger &#8211; Fondation Alzheimer\"}]},{\"@type\":\"WebSite\",\"@id\":\"https:\/\/ravensmoon.fr\/#website\",\"url\":\"https:\/\/ravensmoon.fr\/\",\"name\":\"Raven's Moon\",\"description\":\"\",\"publisher\":{\"@id\":\"https:\/\/ravensmoon.fr\/#organization\"},\"potentialAction\":[{\"@type\":\"SearchAction\",\"target\":{\"@type\":\"EntryPoint\",\"urlTemplate\":\"https:\/\/ravensmoon.fr\/?s={search_term_string}\"},\"query-input\":{\"@type\":\"PropertyValueSpecification\",\"valueRequired\":true,\"valueName\":\"search_term_string\"}}],\"inLanguage\":\"fr-FR\"},{\"@type\":\"Organization\",\"@id\":\"https:\/\/ravensmoon.fr\/#organization\",\"name\":\"Raven's Moon\",\"url\":\"https:\/\/ravensmoon.fr\/\",\"logo\":{\"@type\":\"ImageObject\",\"inLanguage\":\"fr-FR\",\"@id\":\"https:\/\/ravensmoon.fr\/#\/schema\/logo\/image\/\",\"url\":\"https:\/\/ravensmoon.fr\/wp-content\/uploads\/2024\/05\/cropped-cropped-cropped-Logossf-2.png\",\"contentUrl\":\"https:\/\/ravensmoon.fr\/wp-content\/uploads\/2024\/05\/cropped-cropped-cropped-Logossf-2.png\",\"width\":417,\"height\":337,\"caption\":\"Raven's Moon\"},\"image\":{\"@id\":\"https:\/\/ravensmoon.fr\/#\/schema\/logo\/image\/\"},\"sameAs\":[\"https:\/\/www.facebook.com\/profile.php?id=61565761895747&locale=fr_FR\",\"https:\/\/www.instagram.com\/raven_s_moon\"]}]}<\/script>\n<!-- \/ Yoast SEO plugin. -->","yoast_head_json":{"title":"Fondant Fleur d'oranger - Fondation Alzheimer - Raven&#039;s Moon","robots":{"index":"index","follow":"follow","max-snippet":"max-snippet:-1","max-image-preview":"max-image-preview:large","max-video-preview":"max-video-preview:-1"},"canonical":"https:\/\/ravensmoon.fr\/index.php\/produit\/fondant-fleur-doranger-fondation-alzheimer\/","og_locale":"fr_FR","og_type":"article","og_title":"Fondant Fleur d'oranger - Fondation Alzheimer - Raven&#039;s Moon","og_description":"\u2728 Parfum : Fleur d\u2019oranger \ud83c\udf38 Lot : 3 fondants en forme de fleurs \u2696\ufe0f Poids total : 30 g \ud83c\udfa8 Couleurs : Rose, violet, jaune orang\u00e9 \ud83d\udc9c D\u00e9marche : Engagement caritatif Un parfum d\u00e9licat pour votre int\u00e9rieur, un geste fort pour une belle cause.","og_url":"https:\/\/ravensmoon.fr\/index.php\/produit\/fondant-fleur-doranger-fondation-alzheimer\/","og_site_name":"Raven&#039;s Moon","article_publisher":"https:\/\/www.facebook.com\/profile.php?id=61565761895747&locale=fr_FR","article_modified_time":"2026-04-01T10:18:15+00:00","og_image":[{"width":1625,"height":1626,"url":"https:\/\/ravensmoon.fr\/wp-content\/uploads\/2026\/02\/16972.png","type":"image\/png"}],"twitter_card":"summary_large_image","twitter_misc":{"Dur\u00e9e de lecture estim\u00e9e":"1 minute"},"schema":{"@context":"https:\/\/schema.org","@graph":[{"@type":"WebPage","@id":"https:\/\/ravensmoon.fr\/index.php\/produit\/fondant-fleur-doranger-fondation-alzheimer\/","url":"https:\/\/ravensmoon.fr\/index.php\/produit\/fondant-fleur-doranger-fondation-alzheimer\/","name":"Fondant Fleur d'oranger - Fondation Alzheimer - Raven&#039;s Moon","isPartOf":{"@id":"https:\/\/ravensmoon.fr\/#website"},"primaryImageOfPage":{"@id":"https:\/\/ravensmoon.fr\/index.php\/produit\/fondant-fleur-doranger-fondation-alzheimer\/#primaryimage"},"image":{"@id":"https:\/\/ravensmoon.fr\/index.php\/produit\/fondant-fleur-doranger-fondation-alzheimer\/#primaryimage"},"thumbnailUrl":"https:\/\/ravensmoon.fr\/wp-content\/uploads\/2026\/02\/16972.png","datePublished":"2026-02-27T13:05:34+00:00","dateModified":"2026-04-01T10:18:15+00:00","breadcrumb":{"@id":"https:\/\/ravensmoon.fr\/index.php\/produit\/fondant-fleur-doranger-fondation-alzheimer\/#breadcrumb"},"inLanguage":"fr-FR","potentialAction":[{"@type":"ReadAction","target":["https:\/\/ravensmoon.fr\/index.php\/produit\/fondant-fleur-doranger-fondation-alzheimer\/"]}]},{"@type":"ImageObject","inLanguage":"fr-FR","@id":"https:\/\/ravensmoon.fr\/index.php\/produit\/fondant-fleur-doranger-fondation-alzheimer\/#primaryimage","url":"https:\/\/ravensmoon.fr\/wp-content\/uploads\/2026\/02\/16972.png","contentUrl":"https:\/\/ravensmoon.fr\/wp-content\/uploads\/2026\/02\/16972.png","width":1625,"height":1626},{"@type":"BreadcrumbList","@id":"https:\/\/ravensmoon.fr\/index.php\/produit\/fondant-fleur-doranger-fondation-alzheimer\/#breadcrumb","itemListElement":[{"@type":"ListItem","position":1,"name":"Accueil","item":"https:\/\/ravensmoon.fr\/"},{"@type":"ListItem","position":2,"name":"Bougies","item":"https:\/\/ravensmoon.fr\/index.php\/bougies\/"},{"@type":"ListItem","position":3,"name":"Fondant Fleur d&#8217;oranger &#8211; Fondation Alzheimer"}]},{"@type":"WebSite","@id":"https:\/\/ravensmoon.fr\/#website","url":"https:\/\/ravensmoon.fr\/","name":"Raven's Moon","description":"","publisher":{"@id":"https:\/\/ravensmoon.fr\/#organization"},"potentialAction":[{"@type":"SearchAction","target":{"@type":"EntryPoint","urlTemplate":"https:\/\/ravensmoon.fr\/?s={search_term_string}"},"query-input":{"@type":"PropertyValueSpecification","valueRequired":true,"valueName":"search_term_string"}}],"inLanguage":"fr-FR"},{"@type":"Organization","@id":"https:\/\/ravensmoon.fr\/#organization","name":"Raven's Moon","url":"https:\/\/ravensmoon.fr\/","logo":{"@type":"ImageObject","inLanguage":"fr-FR","@id":"https:\/\/ravensmoon.fr\/#\/schema\/logo\/image\/","url":"https:\/\/ravensmoon.fr\/wp-content\/uploads\/2024\/05\/cropped-cropped-cropped-Logossf-2.png","contentUrl":"https:\/\/ravensmoon.fr\/wp-content\/uploads\/2024\/05\/cropped-cropped-cropped-Logossf-2.png","width":417,"height":337,"caption":"Raven's Moon"},"image":{"@id":"https:\/\/ravensmoon.fr\/#\/schema\/logo\/image\/"},"sameAs":["https:\/\/www.facebook.com\/profile.php?id=61565761895747&locale=fr_FR","https:\/\/www.instagram.com\/raven_s_moon"]}]}},"jetpack_sharing_enabled":true,"_links":{"self":[{"href":"https:\/\/ravensmoon.fr\/index.php\/wp-json\/wp\/v2\/product\/2606","targetHints":{"allow":["GET"]}}],"collection":[{"href":"https:\/\/ravensmoon.fr\/index.php\/wp-json\/wp\/v2\/product"}],"about":[{"href":"https:\/\/ravensmoon.fr\/index.php\/wp-json\/wp\/v2\/types\/product"}],"replies":[{"embeddable":true,"href":"https:\/\/ravensmoon.fr\/index.php\/wp-json\/wp\/v2\/comments?post=2606"}],"wp:featuredmedia":[{"embeddable":true,"href":"https:\/\/ravensmoon.fr\/index.php\/wp-json\/wp\/v2\/media\/2605"}],"wp:attachment":[{"href":"https:\/\/ravensmoon.fr\/index.php\/wp-json\/wp\/v2\/media?parent=2606"}],"wp:term":[{"taxonomy":"product_brand","embeddable":true,"href":"https:\/\/ravensmoon.fr\/index.php\/wp-json\/wp\/v2\/product_brand?post=2606"},{"taxonomy":"product_cat","embeddable":true,"href":"https:\/\/ravensmoon.fr\/index.php\/wp-json\/wp\/v2\/product_cat?post=2606"},{"taxonomy":"product_tag","embeddable":true,"href":"https:\/\/ravensmoon.fr\/index.php\/wp-json\/wp\/v2\/product_tag?post=2606"}],"curies":[{"name":"wp","href":"https:\/\/api.w.org\/{rel}","templated":true}]}}